{"id":5,"date":"2022-03-16T13:47:22","date_gmt":"2022-03-16T12:47:22","guid":{"rendered":"https:\/\/www.wellstav.sk\/?page_id=5"},"modified":"2022-03-25T13:16:49","modified_gmt":"2022-03-25T12:16:49","slug":"domov","status":"publish","type":"page","link":"https:\/\/www.wellstav.sk\/?page_id=5","title":{"rendered":"Kamen\u00e1rstvo"},"content":{"rendered":"<p>[et_pb_section fb_built=&#8220;1&#8243; _builder_version=&#8220;4.14.9&#8243; _module_preset=&#8220;default&#8220; custom_padding=&#8220;1px|||||&#8220; global_colors_info=&#8220;{}&#8220;][et_pb_row _builder_version=&#8220;4.14.9&#8243; _module_preset=&#8220;default&#8220; global_colors_info=&#8220;{}&#8220;][et_pb_column type=&#8220;4_4&#8243; _builder_version=&#8220;4.14.9&#8243; _module_preset=&#8220;default&#8220; global_colors_info=&#8220;{}&#8220;][et_pb_menu _builder_version=&#8220;4.14.9&#8243; _module_preset=&#8220;default&#8220; menu_font_size=&#8220;16px&#8220; text_orientation=&#8220;right&#8220; motion_trigger_start=&#8220;bottom&#8220; hover_enabled=&#8220;0&#8243; global_colors_info=&#8220;{}&#8220; title_text=&#8220;wellstav_logo_male1&#8243; logo=&#8220;https:\/\/www.wellstav.sk\/wp-content\/uploads\/2022\/03\/wellstav_logo_male1.jpg&#8220; sticky_enabled=&#8220;0&#8243;][\/et_pb_menu][\/et_pb_column][\/et_pb_row][et_pb_row _builder_version=&#8220;4.14.9&#8243; _module_preset=&#8220;default&#8220; min_height=&#8220;539.1px&#8220; global_colors_info=&#8220;{}&#8220;][et_pb_column type=&#8220;4_4&#8243; _builder_version=&#8220;4.14.9&#8243; _module_preset=&#8220;default&#8220; global_colors_info=&#8220;{}&#8220;][et_pb_slider _builder_version=&#8220;4.14.9&#8243; _module_preset=&#8220;default&#8220; animation_style=&#8220;fade&#8220; auto=&#8220;on&#8220; global_colors_info=&#8220;{}&#8220;][et_pb_slide heading=&#8220;Pomn\u00edky, jednohroby, dvojhroby&#8220; button_text=&#8220;zisti\u0165 viac&#8220; image=&#8220;https:\/\/www.wellstav.sk\/wp-content\/uploads\/2022\/03\/wellstav_logo-4.jpg&#8220; _builder_version=&#8220;4.14.9&#8243; _module_preset=&#8220;default&#8220; background_color=&#8220;RGBA(255,255,255,0)&#8220; background_enable_color=&#8220;on&#8220; background_image=&#8220;https:\/\/www.wellstav.sk\/wp-content\/uploads\/2022\/03\/KAMENARSTVO2.jpg&#8220; background_enable_image=&#8220;on&#8220; global_colors_info=&#8220;{}&#8220; sticky_transition=&#8220;on&#8220;][\/et_pb_slide][et_pb_slide heading=&#8220;\u0160irok\u00fd v\u00fdber tvarov a farieb&#8220; button_text=&#8220;zisti\u0165 viac&#8220; image=&#8220;https:\/\/www.wellstav.sk\/wp-content\/uploads\/2022\/03\/wellstav_logo-4.jpg&#8220; _builder_version=&#8220;4.14.9&#8243; _module_preset=&#8220;default&#8220; background_image=&#8220;https:\/\/www.wellstav.sk\/wp-content\/uploads\/2022\/03\/sklad.jpg&#8220; background_enable_image=&#8220;on&#8220; global_colors_info=&#8220;{}&#8220; sticky_transition=&#8220;on&#8220;][\/et_pb_slide][et_pb_slide heading=&#8220;Kemen\u00e1rske pr\u00e1ce&#8220; button_text=&#8220;zisti\u0165 viac&#8220; image=&#8220;https:\/\/www.wellstav.sk\/wp-content\/uploads\/2022\/03\/wellstav_logo-4.jpg&#8220; _builder_version=&#8220;4.14.9&#8243; _module_preset=&#8220;default&#8220; background_image=&#8220;https:\/\/www.wellstav.sk\/wp-content\/uploads\/2022\/03\/Produkcja-i-sprzedaz-min.jpg&#8220; background_enable_image=&#8220;on&#8220; global_colors_info=&#8220;{}&#8220; sticky_transition=&#8220;on&#8220;][\/et_pb_slide][\/et_pb_slider][\/et_pb_column][\/et_pb_row][et_pb_row column_structure=&#8220;1_3,1_3,1_3&#8243; _builder_version=&#8220;4.14.9&#8243; _module_preset=&#8220;default&#8220; global_colors_info=&#8220;{}&#8220;][et_pb_column type=&#8220;1_3&#8243; _builder_version=&#8220;4.14.9&#8243; _module_preset=&#8220;default&#8220; global_colors_info=&#8220;{}&#8220;][et_pb_blurb title=&#8220;Kamen\u00e1rstvo Wellstav&#8220; image=&#8220;https:\/\/www.wellstav.sk\/wp-content\/uploads\/2022\/03\/kam.jpg&#8220; _builder_version=&#8220;4.14.9&#8243; _module_preset=&#8220;default&#8220; global_colors_info=&#8220;{}&#8220;]<\/p>\n<div class=\"fading-text\" itemprop=\"description\"><span>Sa \u0161pecialuzuje v\u00fdhradne na pr\u00e1ce v oblasti hrobov\u00fdch miest, v\u010faka na\u0161im slu\u017eb\u00e1m si m\u00f4\u017eete dopria\u0165\u00a0 v\u00fdber pomn\u00edkov a hrobov z na\u0161ej \u0161irokej ponuky. V pr\u00edpade Va\u0161ich \u0161peci\u00e1lnych po\u017eiadaviek n\u00e1s nev\u00e1hajte kontaktova\u0165<\/span><span>.<\/span><\/div>\n<p>[\/et_pb_blurb][\/et_pb_column][et_pb_column type=&#8220;1_3&#8243; _builder_version=&#8220;4.14.9&#8243; _module_preset=&#8220;default&#8220; global_colors_info=&#8220;{}&#8220;][et_pb_blurb title=&#8220;\u0160irok\u00e1 ponuka tvarov a farieb&#8220; image=&#8220;https:\/\/www.wellstav.sk\/wp-content\/uploads\/2022\/03\/pomniky.jpg&#8220; _builder_version=&#8220;4.14.9&#8243; _module_preset=&#8220;default&#8220; global_colors_info=&#8220;{}&#8220;]<\/p>\n<p>Pon\u00fakame \u0161irok\u00fd v\u00fdber tvarov a farieb od renomovan\u00fdch v\u00fdrobcov n\u00e1hrobn\u00fdch kame\u0148ov, ktor\u00e9 sp\u013a\u0148aj\u00fa najpr\u00edsnej\u0161ie krit\u00e9ria kvality a dizajnu.<\/p>\n<p>[\/et_pb_blurb][\/et_pb_column][et_pb_column type=&#8220;1_3&#8243; _builder_version=&#8220;4.14.9&#8243; _module_preset=&#8220;default&#8220; global_colors_info=&#8220;{}&#8220;][et_pb_blurb title=&#8220;Kamen\u00e1rske pr\u00e1ce&#8220; image=&#8220;https:\/\/www.wellstav.sk\/wp-content\/uploads\/2022\/03\/stone-2.jpg&#8220; _builder_version=&#8220;4.14.9&#8243; _module_preset=&#8220;default&#8220; global_colors_info=&#8220;{}&#8220;]<\/p>\n<p>V\u00fdroba a in\u0161tal\u00e1cia pomn\u00edkov a hrobov\u00fdch miest, v tej najvy\u0161\u0161ej kvalite. Pracujeme s overen\u00fdmi materi\u00e1lmi, ktor\u00e9 sp\u013a\u0148aj\u00fa tie najpr\u00edsnej\u0161ie krit\u00e9ria.\u00a0<\/p>\n<p>[\/et_pb_blurb][\/et_pb_column][\/et_pb_row][et_pb_row column_structure=&#8220;1_3,1_3,1_3&#8243; _builder_version=&#8220;4.14.9&#8243; _module_preset=&#8220;default&#8220; global_colors_info=&#8220;{}&#8220;][et_pb_column type=&#8220;1_3&#8243; _builder_version=&#8220;4.14.9&#8243; _module_preset=&#8220;default&#8220; global_colors_info=&#8220;{}&#8220;][et_pb_blurb use_icon=&#8220;on&#8220; font_icon=&#8220;&#xf3c5;||fa||900&#8243; _builder_version=&#8220;4.14.9&#8243; _module_preset=&#8220;default&#8220; global_colors_info=&#8220;{}&#8220;]<\/p>\n<p style=\"text-align: center;\"><strong>Wellstav, s.r.o.<\/strong><\/p>\n<p style=\"text-align: center;\"><strong>Pie\u0161\u0165 I. 323<\/strong><\/p>\n<p style=\"text-align: center;\"><strong>962 12 Detva<\/strong><\/p>\n<p>[\/et_pb_blurb][\/et_pb_column][et_pb_column type=&#8220;1_3&#8243; _builder_version=&#8220;4.14.9&#8243; _module_preset=&#8220;default&#8220; global_colors_info=&#8220;{}&#8220;][et_pb_blurb use_icon=&#8220;on&#8220; font_icon=&#8220;&#xe00b;||divi||400&#8243; _builder_version=&#8220;4.14.9&#8243; _module_preset=&#8220;default&#8220; global_colors_info=&#8220;{}&#8220;]<\/p>\n<p style=\"text-align: center;\"><strong><\/strong><\/p>\n<p style=\"text-align: center;\"><strong><\/strong><\/p>\n<p style=\"text-align: center;\"><strong>+421 903 162 933<\/strong><\/p>\n<p>[\/et_pb_blurb][\/et_pb_column][et_pb_column type=&#8220;1_3&#8243; _builder_version=&#8220;4.14.9&#8243; _module_preset=&#8220;default&#8220; global_colors_info=&#8220;{}&#8220;][et_pb_blurb url=&#8220;mailto:wellstavsro@gmail.com&#8220; use_icon=&#8220;on&#8220; font_icon=&#8220;&#xe010;||divi||400&#8243; _builder_version=&#8220;4.14.9&#8243; _module_preset=&#8220;default&#8220; global_colors_info=&#8220;{}&#8220;]<\/p>\n<p style=\"text-align: center;\"><strong><\/strong><\/p>\n<p style=\"text-align: center;\"><strong><\/strong><\/p>\n<p style=\"text-align: center;\"><strong>wellstavsro@gmail.com<\/strong><\/p>\n<p>[\/et_pb_blurb][\/et_pb_column][\/et_pb_row][\/et_pb_section]<\/p>\n","protected":false},"excerpt":{"rendered":"<p>Sa \u0161pecialuzuje v\u00fdhradne na pr\u00e1ce v oblasti hrobov\u00fdch miest, v\u010faka na\u0161im slu\u017eb\u00e1m si m\u00f4\u017eete dopria\u0165\u00a0 v\u00fdber pomn\u00edkov a hrobov z na\u0161ej \u0161irokej ponuky. V pr\u00edpade Va\u0161ich \u0161peci\u00e1lnych po\u017eiadaviek n\u00e1s nev\u00e1hajte kontaktova\u0165.Pon\u00fakame \u0161irok\u00fd v\u00fdber tvarov a farieb od renomovan\u00fdch v\u00fdrobcov n\u00e1hrobn\u00fdch kame\u0148ov, ktor\u00e9 sp\u013a\u0148aj\u00fa najpr\u00edsnej\u0161ie krit\u00e9ria kvality a dizajnu.V\u00fdroba a in\u0161tal\u00e1cia pomn\u00edkov a hrobov\u00fdch miest, v [&hellip;]<\/p>\n","protected":false},"author":1,"featured_media":0,"parent":0,"menu_order":0,"comment_status":"closed","ping_status":"closed","template":"page-template-blank.php","meta":{"_et_pb_use_builder":"on","_et_pb_old_content":"","_et_gb_content_width":""},"_links":{"self":[{"href":"https:\/\/www.wellstav.sk\/index.php?rest_route=\/wp\/v2\/pages\/5"}],"collection":[{"href":"https:\/\/www.wellstav.sk\/index.php?rest_route=\/wp\/v2\/pages"}],"about":[{"href":"https:\/\/www.wellstav.sk\/index.php?rest_route=\/wp\/v2\/types\/page"}],"author":[{"embeddable":true,"href":"https:\/\/www.wellstav.sk\/index.php?rest_route=\/wp\/v2\/users\/1"}],"replies":[{"embeddable":true,"href":"https:\/\/www.wellstav.sk\/index.php?rest_route=%2Fwp%2Fv2%2Fcomments&post=5"}],"version-history":[{"count":7,"href":"https:\/\/www.wellstav.sk\/index.php?rest_route=\/wp\/v2\/pages\/5\/revisions"}],"predecessor-version":[{"id":1195,"href":"https:\/\/www.wellstav.sk\/index.php?rest_route=\/wp\/v2\/pages\/5\/revisions\/1195"}],"wp:attachment":[{"href":"https:\/\/www.wellstav.sk\/index.php?rest_route=%2Fwp%2Fv2%2Fmedia&parent=5"}],"curies":[{"name":"wp","href":"https:\/\/api.w.org\/{rel}","templated":true}]}}