{"id":277,"date":"2022-03-23T10:56:36","date_gmt":"2022-03-23T09:56:36","guid":{"rendered":"https:\/\/www.wellstav.sk\/?page_id=277"},"modified":"2022-03-25T13:13:35","modified_gmt":"2022-03-25T12:13:35","slug":"stavebne-prace","status":"publish","type":"page","link":"https:\/\/www.wellstav.sk\/?page_id=277","title":{"rendered":"Stavebn\u00e9 pr\u00e1ce"},"content":{"rendered":"<p>[et_pb_section fb_built=&#8220;1&#8243; _builder_version=&#8220;4.14.9&#8243; _module_preset=&#8220;default&#8220; background_color=&#8220;RGBA(255,255,255,0)&#8220; custom_padding=&#8220;1px|||||&#8220; global_colors_info=&#8220;{}&#8220;][et_pb_row _builder_version=&#8220;4.14.9&#8243; _module_preset=&#8220;default&#8220; global_colors_info=&#8220;{}&#8220;][et_pb_column type=&#8220;4_4&#8243; _builder_version=&#8220;4.14.9&#8243; _module_preset=&#8220;default&#8220; global_colors_info=&#8220;{}&#8220;][et_pb_menu menu_id=&#8220;7&#8243; logo_width=&#8220;50%&#8220; logo_max_width=&#8220;50%&#8220; _builder_version=&#8220;4.14.9&#8243; _module_preset=&#8220;default&#8220; text_orientation=&#8220;right&#8220; hover_enabled=&#8220;0&#8243; global_colors_info=&#8220;{}&#8220; custom_margin=&#8220;||0px|||&#8220; min_height=&#8220;71px&#8220; menu_font_size=&#8220;16px&#8220; sticky_enabled=&#8220;0&#8243; title_text=&#8220;wellstav_logo_male1&#8243; logo=&#8220;https:\/\/www.wellstav.sk\/wp-content\/uploads\/2022\/03\/wellstav_logo_male1.jpg&#8220;][\/et_pb_menu][\/et_pb_column][\/et_pb_row][et_pb_row _builder_version=&#8220;4.14.9&#8243; _module_preset=&#8220;default&#8220; custom_margin=&#8220;-54px|auto||auto||&#8220; global_colors_info=&#8220;{}&#8220;][et_pb_column type=&#8220;4_4&#8243; _builder_version=&#8220;4.14.9&#8243; _module_preset=&#8220;default&#8220; global_colors_info=&#8220;{}&#8220;][et_pb_slider _builder_version=&#8220;4.14.9&#8243; _module_preset=&#8220;default&#8220; animation_style=&#8220;fade&#8220; auto=&#8220;on&#8220; global_colors_info=&#8220;{}&#8220;][et_pb_slide heading=&#8220;Stavebn\u00e9 pr\u00e1ce&#8220; button_text=&#8220;zisti\u0165 viac&#8220; image=&#8220;https:\/\/www.wellstav.sk\/wp-content\/uploads\/2022\/03\/wellstav_logo-4.jpg&#8220; _builder_version=&#8220;4.14.9&#8243; _module_preset=&#8220;default&#8220; background_image=&#8220;https:\/\/www.wellstav.sk\/wp-content\/uploads\/2022\/03\/construction-tools-placed-wooden-floors-2-scaled.jpg&#8220; background_enable_image=&#8220;on&#8220; global_colors_info=&#8220;{}&#8220; sticky_transition=&#8220;on&#8220;][\/et_pb_slide][et_pb_slide heading=&#8220;Rekon\u0161trukcie bytov a domov&#8220; button_text=&#8220;zisti\u0165 viac&#8220; image=&#8220;https:\/\/www.wellstav.sk\/wp-content\/uploads\/2022\/03\/wellstav_logo-4.jpg&#8220; _builder_version=&#8220;4.14.9&#8243; _module_preset=&#8220;default&#8220; background_image=&#8220;https:\/\/www.wellstav.sk\/wp-content\/uploads\/2022\/03\/Vodex-Dust-Grinding.jpg&#8220; background_enable_image=&#8220;on&#8220; global_colors_info=&#8220;{}&#8220; sticky_transition=&#8220;on&#8220;][\/et_pb_slide][\/et_pb_slider][\/et_pb_column][\/et_pb_row][et_pb_row column_structure=&#8220;1_3,1_3,1_3&#8243; _builder_version=&#8220;4.14.9&#8243; _module_preset=&#8220;default&#8220; global_colors_info=&#8220;{}&#8220;][et_pb_column type=&#8220;1_3&#8243; _builder_version=&#8220;4.14.9&#8243; _module_preset=&#8220;default&#8220; global_colors_info=&#8220;{}&#8220;][et_pb_blurb title=&#8220;Stavebn\u00e9 pr\u00e1ce&#8220; image=&#8220;https:\/\/www.wellstav.sk\/wp-content\/uploads\/2022\/03\/stavba-2.jpg&#8220; _builder_version=&#8220;4.14.9&#8243; _module_preset=&#8220;default&#8220; global_colors_info=&#8220;{}&#8220;]<\/p>\n<div class=\"fading-text\" itemprop=\"description\">Vykon\u00e1vame stavebn\u00e9 pr\u00e1ce od A do Z<\/div>\n<p>[\/et_pb_blurb][\/et_pb_column][et_pb_column type=&#8220;1_3&#8243; _builder_version=&#8220;4.14.9&#8243; _module_preset=&#8220;default&#8220; global_colors_info=&#8220;{}&#8220;][et_pb_blurb title=&#8220;Rekon\u0161trukcie&#8220; image=&#8220;https:\/\/www.wellstav.sk\/wp-content\/uploads\/2022\/03\/kupelna-2.jpg&#8220; _builder_version=&#8220;4.14.9&#8243; _module_preset=&#8220;default&#8220; global_colors_info=&#8220;{}&#8220;]<\/p>\n<p>Pon\u00fakame \u0161irok\u00fd v\u00fdber tvarov a farieb od renomovan\u00fdch v\u00fdrobcov n\u00e1hrobn\u00fdch kame\u0148ov, ktor\u00e9 sp\u013a\u0148aj\u00fa najpr\u00edsnej\u0161ie krit\u00e9ria kvality a dizajnu.<\/p>\n<p>[\/et_pb_blurb][\/et_pb_column][et_pb_column type=&#8220;1_3&#8243; _builder_version=&#8220;4.14.9&#8243; _module_preset=&#8220;default&#8220; global_colors_info=&#8220;{}&#8220;][et_pb_blurb title=&#8220;Obklady dla\u017eby&#8220; image=&#8220;https:\/\/www.wellstav.sk\/wp-content\/uploads\/2022\/03\/obklad.jpg&#8220; _builder_version=&#8220;4.14.9&#8243; _module_preset=&#8220;default&#8220; global_colors_info=&#8220;{}&#8220;]<\/p>\n<p>V\u00fdroba a in\u0161tal\u00e1cia pomn\u00edkov a hrobov\u00fdch miest, v tej najvy\u0161\u0161ej kvalite. Pracujeme s overen\u00fdmi materi\u00e1lmi, ktor\u00e9 sp\u013a\u0148aj\u00fa tie najpr\u00edsnej\u0161ie krit\u00e9ria.<\/p>\n<p>[\/et_pb_blurb][\/et_pb_column][\/et_pb_row][et_pb_row column_structure=&#8220;1_3,1_3,1_3&#8243; _builder_version=&#8220;4.14.9&#8243; _module_preset=&#8220;default&#8220; global_colors_info=&#8220;{}&#8220;][et_pb_column type=&#8220;1_3&#8243; _builder_version=&#8220;4.14.9&#8243; _module_preset=&#8220;default&#8220; global_colors_info=&#8220;{}&#8220;][et_pb_blurb use_icon=&#8220;on&#8220; font_icon=&#8220;&#xf3c5;||fa||900&#8243; _builder_version=&#8220;4.14.9&#8243; _module_preset=&#8220;default&#8220; global_colors_info=&#8220;{}&#8220;]<\/p>\n<p style=\"text-align: center;\"><strong>WellStav s.r.o.<\/strong><\/p>\n<p style=\"text-align: center;\"><strong>Pie\u0161\u0165 I. 323<\/strong><\/p>\n<p style=\"text-align: center;\"><strong>962 12 Detva<\/strong><\/p>\n<p>[\/et_pb_blurb][\/et_pb_column][et_pb_column type=&#8220;1_3&#8243; _builder_version=&#8220;4.14.9&#8243; _module_preset=&#8220;default&#8220; global_colors_info=&#8220;{}&#8220;][et_pb_blurb use_icon=&#8220;on&#8220; font_icon=&#8220;&#xe00b;||divi||400&#8243; _builder_version=&#8220;4.14.9&#8243; _module_preset=&#8220;default&#8220; global_colors_info=&#8220;{}&#8220;]<\/p>\n<p style=\"text-align: center;\"><strong><\/strong><\/p>\n<p style=\"text-align: center;\"><strong><\/strong><\/p>\n<p style=\"text-align: center;\"><strong>+421 903 162 933<\/strong><\/p>\n<p>[\/et_pb_blurb][\/et_pb_column][et_pb_column type=&#8220;1_3&#8243; _builder_version=&#8220;4.14.9&#8243; _module_preset=&#8220;default&#8220; global_colors_info=&#8220;{}&#8220;][et_pb_blurb url=&#8220;mailto:wellstavsro@gmail.com&#8220; use_icon=&#8220;on&#8220; font_icon=&#8220;&#xe010;||divi||400&#8243; _builder_version=&#8220;4.14.9&#8243; _module_preset=&#8220;default&#8220; global_colors_info=&#8220;{}&#8220;]<\/p>\n<p style=\"text-align: center;\"><strong><\/strong><\/p>\n<p style=\"text-align: center;\"><strong><\/strong><\/p>\n<p style=\"text-align: center;\"><strong>wellstavsro@gmail.com<\/strong><\/p>\n<p>[\/et_pb_blurb][\/et_pb_column][\/et_pb_row][\/et_pb_section]<\/p>\n","protected":false},"excerpt":{"rendered":"<p>Vykon\u00e1vame stavebn\u00e9 pr\u00e1ce od A do ZPon\u00fakame \u0161irok\u00fd v\u00fdber tvarov a farieb od renomovan\u00fdch v\u00fdrobcov n\u00e1hrobn\u00fdch kame\u0148ov, ktor\u00e9 sp\u013a\u0148aj\u00fa najpr\u00edsnej\u0161ie krit\u00e9ria kvality a dizajnu.V\u00fdroba a in\u0161tal\u00e1cia pomn\u00edkov a hrobov\u00fdch miest, v tej najvy\u0161\u0161ej kvalite. Pracujeme s overen\u00fdmi materi\u00e1lmi, ktor\u00e9 sp\u013a\u0148aj\u00fa tie najpr\u00edsnej\u0161ie krit\u00e9ria.WellStav s.r.o. Pie\u0161\u0165 I. 323 962 12 Detva +421 903 162 933 wellstavsro@gmail.com<\/p>\n","protected":false},"author":1,"featured_media":0,"parent":0,"menu_order":0,"comment_status":"closed","ping_status":"closed","template":"page-template-blank.php","meta":{"_et_pb_use_builder":"on","_et_pb_old_content":"","_et_gb_content_width":""},"_links":{"self":[{"href":"https:\/\/www.wellstav.sk\/index.php?rest_route=\/wp\/v2\/pages\/277"}],"collection":[{"href":"https:\/\/www.wellstav.sk\/index.php?rest_route=\/wp\/v2\/pages"}],"about":[{"href":"https:\/\/www.wellstav.sk\/index.php?rest_route=\/wp\/v2\/types\/page"}],"author":[{"embeddable":true,"href":"https:\/\/www.wellstav.sk\/index.php?rest_route=\/wp\/v2\/users\/1"}],"replies":[{"embeddable":true,"href":"https:\/\/www.wellstav.sk\/index.php?rest_route=%2Fwp%2Fv2%2Fcomments&post=277"}],"version-history":[{"count":6,"href":"https:\/\/www.wellstav.sk\/index.php?rest_route=\/wp\/v2\/pages\/277\/revisions"}],"predecessor-version":[{"id":338,"href":"https:\/\/www.wellstav.sk\/index.php?rest_route=\/wp\/v2\/pages\/277\/revisions\/338"}],"wp:attachment":[{"href":"https:\/\/www.wellstav.sk\/index.php?rest_route=%2Fwp%2Fv2%2Fmedia&parent=277"}],"curies":[{"name":"wp","href":"https:\/\/api.w.org\/{rel}","templated":true}]}}